{"id":2586,"date":"2026-03-30T16:06:51","date_gmt":"2026-03-30T22:06:51","guid":{"rendered":"https:\/\/smallplaces.org\/?post_type=mec-events&#038;p=2586"},"modified":"2026-03-30T16:06:57","modified_gmt":"2026-03-30T22:06:57","slug":"open-mic-mar-2026-311","status":"publish","type":"mec-events","link":"https:\/\/smallplaces.org\/es\/event\/open-mic-mar-2026-311\/","title":{"rendered":"Summer Open Mic Night &#8211; Noche de Micr\u00f3fono Abierto de Verano"},"content":{"rendered":"<p>[et_pb_section fb_built=&#8221;1&#8243; admin_label=&#8221;section&#8221; _builder_version=&#8221;4.16&#8243; global_colors_info=&#8221;{}&#8221;][et_pb_row admin_label=&#8221;row&#8221; _builder_version=&#8221;4.27.4&#8243; background_size=&#8221;initial&#8221; background_position=&#8221;top_left&#8221; background_repeat=&#8221;repeat&#8221; global_colors_info=&#8221;{}&#8221;][et_pb_column type=&#8221;4_4&#8243; _builder_version=&#8221;4.16&#8243; custom_padding=&#8221;|||&#8221; global_colors_info=&#8221;{}&#8221; custom_padding__hover=&#8221;|||&#8221;][et_pb_text _builder_version=&#8221;4.27.5&#8243; _module_preset=&#8221;default&#8221; global_colors_info=&#8221;{}&#8221;]<\/p>\n<p>East End music lovers and music makers, join us for a showcase of our local neighborhood talent! Sound equipment will be set up so you can simply plug in and play. Sets are 15 minutes long; please arrive at 6:30 PM to sign up for a slot. Music will start at 7 PM! Chairs are provided, but please feel free to bring your own comfy seat or blanket to lay on the lawn. Free drinks will be available and you may also BYOB!<\/p>\n<p>More info and RSPV <a href=\"https:\/\/smallplaces.app.neoncrm.com\/nx\/portal\/neonevents\/events?path=%2Fportal%2Fevents%2F41403\">HERE<\/a>.<\/p>\n<p><b>\ud83c\udf33\ud83c\udf33\ud83c\udf33<\/b><\/p>\n<div class=\"sc-jgcLBT bFFbPk\">\n<div class=\"sc-gpfpMv eWVCkg\">\n<p>Amantes y creadores de musica en el Segundo Barrio, \u00a1acompa\u00f1anos para una muestra de nuestro talento vecinal! El equipo estara listo para que ustedes puedan simplemente conectar y tocar. Los sets seran de 15 minutos; por favor lleguen a las 6:30 PM para inscribirse para un lugar para tocar. \u00a1La m\u00fasica empezar\u00e1 a las 7 pm! Se proporcionan sillas, pero si\u00e9ntase libre de traer su propio asiento c\u00f3modo o una manta para recostarse en el c\u00e9sped. Habr\u00e1 bebidas gratis y tambi\u00e9n puede traer las suyas.<\/p>\n<p>M\u00e1s informaci\u00f3n y RSVP <a href=\"https:\/\/smallplaces.app.neoncrm.com\/nx\/portal\/neonevents\/events?path=%2Fportal%2Fevents%2F41403\">AQU\u00cd<\/a>.<\/p>\n<\/div>\n<\/div>\n<p>[\/et_pb_text][et_pb_button button_url=&#8221;https:\/\/smallplaces.app.neoncrm.com\/nx\/portal\/neonevents\/events?path=%2Fportal%2Fevents%2F41403&#8243; button_text=&#8221;RSVP Here &#8211; RSVP Aqu\u00ed&#8221; _builder_version=&#8221;4.27.5&#8243; _module_preset=&#8221;default&#8221; global_colors_info=&#8221;{}&#8221;][\/et_pb_button][\/et_pb_column][\/et_pb_row][\/et_pb_section]<\/p>\n","protected":false},"excerpt":{"rendered":"<p>East End music lovers and music makers, join us for a showcase of our local neighborhood talent! Sound equipment will be set up so you can simply plug in and play. Sets are 15 minutes long; please arrive at 6:30 PM to sign up for a slot. Music will start at 7 PM! Chairs are [&hellip;]<\/p>\n","protected":false},"author":5,"featured_media":2590,"comment_status":"open","ping_status":"closed","template":"","meta":{"_et_pb_use_builder":"on","_et_pb_old_content":"","_et_gb_content_width":"","_monsterinsights_skip_tracking":false,"_monsterinsights_sitenote_active":false,"_monsterinsights_sitenote_note":"","_monsterinsights_sitenote_category":0},"tags":[],"mec_category":[5],"class_list":["post-2586","mec-events","type-mec-events","status-publish","has-post-thumbnail","hentry","mec_category-publicevents"],"yoast_head":"<!-- This site is optimized with the Yoast SEO plugin v27.5 - https:\/\/yoast.com\/product\/yoast-seo-wordpress\/ -->\n<title>Summer Open Mic Night - Noche de Micr\u00f3fono Abierto de Verano - Small Places<\/title>\n<meta name=\"description\" content=\"Join us for a night of making music together! \u00a1Acompa\u00f1anos para una noche de hacer m\u00fasica juntos!\" \/>\n<meta name=\"robots\" content=\"index, follow, max-snippet:-1, max-image-preview:large, max-video-preview:-1\" \/>\n<link rel=\"canonical\" href=\"https:\/\/smallplaces.org\/es\/event\/open-mic-mar-2026-311\/\" \/>\n<meta property=\"og:locale\" content=\"es_MX\" \/>\n<meta property=\"og:type\" content=\"article\" \/>\n<meta property=\"og:title\" content=\"Summer Open Mic Night - Noche de Micr\u00f3fono Abierto de Verano - Small Places\" \/>\n<meta property=\"og:description\" content=\"Join us for a night of making music together! \u00a1Acompa\u00f1anos para una noche de hacer m\u00fasica juntos!\" \/>\n<meta property=\"og:url\" content=\"https:\/\/smallplaces.org\/es\/event\/open-mic-mar-2026-311\/\" \/>\n<meta property=\"og:site_name\" content=\"Small Places\" \/>\n<meta property=\"article:modified_time\" content=\"2026-03-30T22:06:57+00:00\" \/>\n<meta property=\"og:image\" content=\"https:\/\/smallplaces.org\/wp-content\/uploads\/2026\/03\/June-2026-open-mic-night.png\" \/>\n\t<meta property=\"og:image:width\" content=\"821\" \/>\n\t<meta property=\"og:image:height\" content=\"411\" \/>\n\t<meta property=\"og:image:type\" content=\"image\/png\" \/>\n<meta name=\"twitter:card\" content=\"summary_large_image\" \/>\n<meta name=\"twitter:label1\" content=\"Tiempo de lectura\" \/>\n\t<meta name=\"twitter:data1\" content=\"2 minutos\" \/>\n<script type=\"application\/ld+json\" class=\"yoast-schema-graph\">{\"@context\":\"https:\\\/\\\/schema.org\",\"@graph\":[{\"@type\":\"WebPage\",\"@id\":\"https:\\\/\\\/smallplaces.org\\\/event\\\/open-mic-mar-2026-311\\\/\",\"url\":\"https:\\\/\\\/smallplaces.org\\\/event\\\/open-mic-mar-2026-311\\\/\",\"name\":\"Summer Open Mic Night - Noche de Micr\u00f3fono Abierto de Verano - Small Places\",\"isPartOf\":{\"@id\":\"https:\\\/\\\/smallplaces.org\\\/#website\"},\"primaryImageOfPage\":{\"@id\":\"https:\\\/\\\/smallplaces.org\\\/event\\\/open-mic-mar-2026-311\\\/#primaryimage\"},\"image\":{\"@id\":\"https:\\\/\\\/smallplaces.org\\\/event\\\/open-mic-mar-2026-311\\\/#primaryimage\"},\"thumbnailUrl\":\"https:\\\/\\\/smallplaces.org\\\/wp-content\\\/uploads\\\/2026\\\/03\\\/June-2026-open-mic-night.png\",\"datePublished\":\"2026-03-30T22:06:51+00:00\",\"dateModified\":\"2026-03-30T22:06:57+00:00\",\"description\":\"Join us for a night of making music together! \u00a1Acompa\u00f1anos para una noche de hacer m\u00fasica juntos!\",\"breadcrumb\":{\"@id\":\"https:\\\/\\\/smallplaces.org\\\/event\\\/open-mic-mar-2026-311\\\/#breadcrumb\"},\"inLanguage\":\"es\",\"potentialAction\":[{\"@type\":\"ReadAction\",\"target\":[\"https:\\\/\\\/smallplaces.org\\\/event\\\/open-mic-mar-2026-311\\\/\"]}]},{\"@type\":\"ImageObject\",\"inLanguage\":\"es\",\"@id\":\"https:\\\/\\\/smallplaces.org\\\/event\\\/open-mic-mar-2026-311\\\/#primaryimage\",\"url\":\"https:\\\/\\\/smallplaces.org\\\/wp-content\\\/uploads\\\/2026\\\/03\\\/June-2026-open-mic-night.png\",\"contentUrl\":\"https:\\\/\\\/smallplaces.org\\\/wp-content\\\/uploads\\\/2026\\\/03\\\/June-2026-open-mic-night.png\",\"width\":821,\"height\":411},{\"@type\":\"BreadcrumbList\",\"@id\":\"https:\\\/\\\/smallplaces.org\\\/event\\\/open-mic-mar-2026-311\\\/#breadcrumb\",\"itemListElement\":[{\"@type\":\"ListItem\",\"position\":1,\"name\":\"Home\",\"item\":\"https:\\\/\\\/smallplaces.org\\\/\"},{\"@type\":\"ListItem\",\"position\":2,\"name\":\"Events\",\"item\":\"https:\\\/\\\/smallplaces.org\\\/event\\\/\"},{\"@type\":\"ListItem\",\"position\":3,\"name\":\"Summer Open Mic Night &#8211; Noche de Micr\u00f3fono Abierto de Verano\"}]},{\"@type\":\"WebSite\",\"@id\":\"https:\\\/\\\/smallplaces.org\\\/#website\",\"url\":\"https:\\\/\\\/smallplaces.org\\\/\",\"name\":\"Small Places\",\"description\":\"Small places matter.\",\"publisher\":{\"@id\":\"https:\\\/\\\/smallplaces.org\\\/#organization\"},\"potentialAction\":[{\"@type\":\"SearchAction\",\"target\":{\"@type\":\"EntryPoint\",\"urlTemplate\":\"https:\\\/\\\/smallplaces.org\\\/?s={search_term_string}\"},\"query-input\":{\"@type\":\"PropertyValueSpecification\",\"valueRequired\":true,\"valueName\":\"search_term_string\"}}],\"inLanguage\":\"es\"},{\"@type\":\"Organization\",\"@id\":\"https:\\\/\\\/smallplaces.org\\\/#organization\",\"name\":\"Small Places\",\"url\":\"https:\\\/\\\/smallplaces.org\\\/\",\"logo\":{\"@type\":\"ImageObject\",\"inLanguage\":\"es\",\"@id\":\"https:\\\/\\\/smallplaces.org\\\/#\\\/schema\\\/logo\\\/image\\\/\",\"url\":\"https:\\\/\\\/smallplaces.wpengine.com\\\/wp-content\\\/uploads\\\/2022\\\/07\\\/Logo-RefreshMockups-Horizontal.png\",\"contentUrl\":\"https:\\\/\\\/smallplaces.wpengine.com\\\/wp-content\\\/uploads\\\/2022\\\/07\\\/Logo-RefreshMockups-Horizontal.png\",\"width\":594,\"height\":224,\"caption\":\"Small Places\"},\"image\":{\"@id\":\"https:\\\/\\\/smallplaces.org\\\/#\\\/schema\\\/logo\\\/image\\\/\"}}]}<\/script>\n<!-- \/ Yoast SEO plugin. -->","yoast_head_json":{"title":"Summer Open Mic Night - Noche de Micr\u00f3fono Abierto de Verano - Small Places","description":"Join us for a night of making music together! \u00a1Acompa\u00f1anos para una noche de hacer m\u00fasica juntos!","robots":{"index":"index","follow":"follow","max-snippet":"max-snippet:-1","max-image-preview":"max-image-preview:large","max-video-preview":"max-video-preview:-1"},"canonical":"https:\/\/smallplaces.org\/es\/event\/open-mic-mar-2026-311\/","og_locale":"es_MX","og_type":"article","og_title":"Summer Open Mic Night - Noche de Micr\u00f3fono Abierto de Verano - Small Places","og_description":"Join us for a night of making music together! \u00a1Acompa\u00f1anos para una noche de hacer m\u00fasica juntos!","og_url":"https:\/\/smallplaces.org\/es\/event\/open-mic-mar-2026-311\/","og_site_name":"Small Places","article_modified_time":"2026-03-30T22:06:57+00:00","og_image":[{"width":821,"height":411,"url":"https:\/\/smallplaces.org\/wp-content\/uploads\/2026\/03\/June-2026-open-mic-night.png","type":"image\/png"}],"twitter_card":"summary_large_image","twitter_misc":{"Tiempo de lectura":"2 minutos"},"schema":{"@context":"https:\/\/schema.org","@graph":[{"@type":"WebPage","@id":"https:\/\/smallplaces.org\/event\/open-mic-mar-2026-311\/","url":"https:\/\/smallplaces.org\/event\/open-mic-mar-2026-311\/","name":"Summer Open Mic Night - Noche de Micr\u00f3fono Abierto de Verano - Small Places","isPartOf":{"@id":"https:\/\/smallplaces.org\/#website"},"primaryImageOfPage":{"@id":"https:\/\/smallplaces.org\/event\/open-mic-mar-2026-311\/#primaryimage"},"image":{"@id":"https:\/\/smallplaces.org\/event\/open-mic-mar-2026-311\/#primaryimage"},"thumbnailUrl":"https:\/\/smallplaces.org\/wp-content\/uploads\/2026\/03\/June-2026-open-mic-night.png","datePublished":"2026-03-30T22:06:51+00:00","dateModified":"2026-03-30T22:06:57+00:00","description":"Join us for a night of making music together! \u00a1Acompa\u00f1anos para una noche de hacer m\u00fasica juntos!","breadcrumb":{"@id":"https:\/\/smallplaces.org\/event\/open-mic-mar-2026-311\/#breadcrumb"},"inLanguage":"es","potentialAction":[{"@type":"ReadAction","target":["https:\/\/smallplaces.org\/event\/open-mic-mar-2026-311\/"]}]},{"@type":"ImageObject","inLanguage":"es","@id":"https:\/\/smallplaces.org\/event\/open-mic-mar-2026-311\/#primaryimage","url":"https:\/\/smallplaces.org\/wp-content\/uploads\/2026\/03\/June-2026-open-mic-night.png","contentUrl":"https:\/\/smallplaces.org\/wp-content\/uploads\/2026\/03\/June-2026-open-mic-night.png","width":821,"height":411},{"@type":"BreadcrumbList","@id":"https:\/\/smallplaces.org\/event\/open-mic-mar-2026-311\/#breadcrumb","itemListElement":[{"@type":"ListItem","position":1,"name":"Home","item":"https:\/\/smallplaces.org\/"},{"@type":"ListItem","position":2,"name":"Events","item":"https:\/\/smallplaces.org\/event\/"},{"@type":"ListItem","position":3,"name":"Summer Open Mic Night &#8211; Noche de Micr\u00f3fono Abierto de Verano"}]},{"@type":"WebSite","@id":"https:\/\/smallplaces.org\/#website","url":"https:\/\/smallplaces.org\/","name":"Lugares peque\u00f1os","description":"Los lugares peque\u00f1os importan.","publisher":{"@id":"https:\/\/smallplaces.org\/#organization"},"potentialAction":[{"@type":"SearchAction","target":{"@type":"EntryPoint","urlTemplate":"https:\/\/smallplaces.org\/?s={search_term_string}"},"query-input":{"@type":"PropertyValueSpecification","valueRequired":true,"valueName":"search_term_string"}}],"inLanguage":"es"},{"@type":"Organization","@id":"https:\/\/smallplaces.org\/#organization","name":"Lugares peque\u00f1os","url":"https:\/\/smallplaces.org\/","logo":{"@type":"ImageObject","inLanguage":"es","@id":"https:\/\/smallplaces.org\/#\/schema\/logo\/image\/","url":"https:\/\/smallplaces.wpengine.com\/wp-content\/uploads\/2022\/07\/Logo-RefreshMockups-Horizontal.png","contentUrl":"https:\/\/smallplaces.wpengine.com\/wp-content\/uploads\/2022\/07\/Logo-RefreshMockups-Horizontal.png","width":594,"height":224,"caption":"Small Places"},"image":{"@id":"https:\/\/smallplaces.org\/#\/schema\/logo\/image\/"}}]}},"jetpack_sharing_enabled":true,"_links":{"self":[{"href":"https:\/\/smallplaces.org\/es\/wp-json\/wp\/v2\/mec-events\/2586","targetHints":{"allow":["GET"]}}],"collection":[{"href":"https:\/\/smallplaces.org\/es\/wp-json\/wp\/v2\/mec-events"}],"about":[{"href":"https:\/\/smallplaces.org\/es\/wp-json\/wp\/v2\/types\/mec-events"}],"author":[{"embeddable":true,"href":"https:\/\/smallplaces.org\/es\/wp-json\/wp\/v2\/users\/5"}],"replies":[{"embeddable":true,"href":"https:\/\/smallplaces.org\/es\/wp-json\/wp\/v2\/comments?post=2586"}],"wp:featuredmedia":[{"embeddable":true,"href":"https:\/\/smallplaces.org\/es\/wp-json\/wp\/v2\/media\/2590"}],"wp:attachment":[{"href":"https:\/\/smallplaces.org\/es\/wp-json\/wp\/v2\/media?parent=2586"}],"wp:term":[{"taxonomy":"post_tag","embeddable":true,"href":"https:\/\/smallplaces.org\/es\/wp-json\/wp\/v2\/tags?post=2586"},{"taxonomy":"mec_category","embeddable":true,"href":"https:\/\/smallplaces.org\/es\/wp-json\/wp\/v2\/mec_category?post=2586"}],"curies":[{"name":"wp","href":"https:\/\/api.w.org\/{rel}","templated":true}]}}

Summer Open Mic Night &#8211; Noche de Micrófono Abierto de Verano

<p>[et_pb_section fb_built=&#8221;1&#8243; admin_label=&#8221;section&#8221; _builder_version=&#8221;4.16&#8243; global_colors_info=&#8221;{}&#8221;][et_pb_row admin_label=&#8221;row&#8221; _builder_version=&#8221;4.27.4&#8243; background_size=&#8221;initial&#8221; background_position=&#8221;top_left&#8221; background_repeat=&#8221;repeat&#8221; global_colors_info=&#8221;{}&#8221;][et_pb_column type=&#8221;4_4&#8243; _builder_version=&#8221;4.16&#8243; custom_padding=&#8221;|||&#8221; global_colors_info=&#8221;{}&#8221; custom_padding__hover=&#8221;|||&#8221;][et_pb_text _builder_version=&#8221;4.27.5&#8243; _module_preset=&#8221;default&#8221; global_colors_info=&#8221;{}&#8221;]</p>
<p>East End music lovers and music makers, join us for a showcase of our local neighborhood talent! Sound equipment will be set up so you can simply plug in and play. Sets are 15 minutes long; please arrive at 6:30 PM to sign up for a slot. Music will start at 7 PM! Chairs are provided, but please feel free to bring your own comfy seat or blanket to lay on the lawn. Free drinks will be available and you may also BYOB!</p>
<p>More info and RSPV <a href="https://smallplaces.app.neoncrm.com/nx/portal/neonevents/events?path=%2Fportal%2Fevents%2F41403">HERE</a>.</p>
<p><b>🌳🌳🌳</b></p>
<div class="sc-jgcLBT bFFbPk">
<div class="sc-gpfpMv eWVCkg">
<p>Amantes y creadores de musica en el Segundo Barrio, ¡acompañanos para una muestra de nuestro talento vecinal! El equipo estara listo para que ustedes puedan simplemente conectar y tocar. Los sets seran de 15 minutos; por favor lleguen a las 6:30 PM para inscribirse para un lugar para tocar. ¡La música empezará a las 7 pm! Se proporcionan sillas, pero siéntase libre de traer su propio asiento cómodo o una manta para recostarse en el césped. Habrá bebidas gratis y también puede traer las suyas.</p>
<p>Más información y RSVP <a href="https://smallplaces.app.neoncrm.com/nx/portal/neonevents/events?path=%2Fportal%2Fevents%2F41403">AQUÍ</a>.</p>
</div>
</div>
<p>[/et_pb_text][et_pb_button button_url=&#8221;https://smallplaces.app.neoncrm.com/nx/portal/neonevents/events?path=%2Fportal%2Fevents%2F41403&#8243; button_text=&#8221;RSVP Here &#8211; RSVP Aquí&#8221; _builder_version=&#8221;4.27.5&#8243; _module_preset=&#8221;default&#8221; global_colors_info=&#8221;{}&#8221;][/et_pb_button][/et_pb_column][/et_pb_row][/et_pb_section]</p>

<!-- This site is optimized with the Yoast SEO plugin v27.5 - https://yoast.com/product/yoast-seo-wordpress/ -->
<title>Summer Open Mic Night - Noche de Micrófono Abierto de Verano - Small Places</title>
<meta name="description" content="Join us for a night of making music together! ¡Acompañanos para una noche de hacer música juntos!" />
<meta name="robots" content="index, follow, max-snippet:-1, max-image-preview:large, max-video-preview:-1" />
<link rel="canonical" href="https://smallplaces.org/es/event/open-mic-mar-2026-311/" />
<meta property="og:locale" content="es_MX" />
<meta property="og:type" content="article" />
<meta property="og:title" content="Summer Open Mic Night - Noche de Micrófono Abierto de Verano - Small Places" />
<meta property="og:description" content="Join us for a night of making music together! ¡Acompañanos para una noche de hacer música juntos!" />
<meta property="og:url" content="https://smallplaces.org/es/event/open-mic-mar-2026-311/" />
<meta property="og:site_name" content="Small Places" />
<meta property="article:modified_time" content="2026-03-30T22:06:57+00:00" />
<meta property="og:image" content="https://smallplaces.org/wp-content/uploads/2026/03/June-2026-open-mic-night.png" />
	<meta property="og:image:width" content="821" />
	<meta property="og:image:height" content="411" />
	<meta property="og:image:type" content="image/png" />
<meta name="twitter:card" content="summary_large_image" />
<meta name="twitter:label1" content="Tiempo de lectura" />
	<meta name="twitter:data1" content="2 minutos" />
<script type="application/ld+json" class="yoast-schema-graph">{"@context":"https:\/\/schema.org","@graph":[{"@type":"WebPage","@id":"https:\/\/smallplaces.org\/event\/open-mic-mar-2026-311\/","url":"https:\/\/smallplaces.org\/event\/open-mic-mar-2026-311\/","name":"Summer Open Mic Night - Noche de Micrófono Abierto de Verano - Small Places","isPartOf":{"@id":"https:\/\/smallplaces.org\/#website"},"primaryImageOfPage":{"@id":"https:\/\/smallplaces.org\/event\/open-mic-mar-2026-311\/#primaryimage"},"image":{"@id":"https:\/\/smallplaces.org\/event\/open-mic-mar-2026-311\/#primaryimage"},"thumbnailUrl":"https:\/\/smallplaces.org\/wp-content\/uploads\/2026\/03\/June-2026-open-mic-night.png","datePublished":"2026-03-30T22:06:51+00:00","dateModified":"2026-03-30T22:06:57+00:00","description":"Join us for a night of making music together! ¡Acompañanos para una noche de hacer música juntos!","breadcrumb":{"@id":"https:\/\/smallplaces.org\/event\/open-mic-mar-2026-311\/#breadcrumb"},"inLanguage":"es","potentialAction":[{"@type":"ReadAction","target":["https:\/\/smallplaces.org\/event\/open-mic-mar-2026-311\/"]}]},{"@type":"ImageObject","inLanguage":"es","@id":"https:\/\/smallplaces.org\/event\/open-mic-mar-2026-311\/#primaryimage","url":"https:\/\/smallplaces.org\/wp-content\/uploads\/2026\/03\/June-2026-open-mic-night.png","contentUrl":"https:\/\/smallplaces.org\/wp-content\/uploads\/2026\/03\/June-2026-open-mic-night.png","width":821,"height":411},{"@type":"BreadcrumbList","@id":"https:\/\/smallplaces.org\/event\/open-mic-mar-2026-311\/#breadcrumb","itemListElement":[{"@type":"ListItem","position":1,"name":"Home","item":"https:\/\/smallplaces.org\/"},{"@type":"ListItem","position":2,"name":"Events","item":"https:\/\/smallplaces.org\/event\/"},{"@type":"ListItem","position":3,"name":"Summer Open Mic Night &#8211; Noche de Micrófono Abierto de Verano"}]},{"@type":"WebSite","@id":"https:\/\/smallplaces.org\/#website","url":"https:\/\/smallplaces.org\/","name":"Small Places","description":"Small places matter.","publisher":{"@id":"https:\/\/smallplaces.org\/#organization"},"potentialAction":[{"@type":"SearchAction","target":{"@type":"EntryPoint","urlTemplate":"https:\/\/smallplaces.org\/?s={search_term_string}"},"query-input":{"@type":"PropertyValueSpecification","valueRequired":true,"valueName":"search_term_string"}}],"inLanguage":"es"},{"@type":"Organization","@id":"https:\/\/smallplaces.org\/#organization","name":"Small Places","url":"https:\/\/smallplaces.org\/","logo":{"@type":"ImageObject","inLanguage":"es","@id":"https:\/\/smallplaces.org\/#\/schema\/logo\/image\/","url":"https:\/\/smallplaces.wpengine.com\/wp-content\/uploads\/2022\/07\/Logo-RefreshMockups-Horizontal.png","contentUrl":"https:\/\/smallplaces.wpengine.com\/wp-content\/uploads\/2022\/07\/Logo-RefreshMockups-Horizontal.png","width":594,"height":224,"caption":"Small Places"},"image":{"@id":"https:\/\/smallplaces.org\/#\/schema\/logo\/image\/"}}]}</script>
<!-- / Yoast SEO plugin. -->

Summer Open Mic Night - Noche de Micrófono Abierto de Verano - Small Places

Join us for a night of making music together! ¡Acompañanos para una noche de hacer música juntos!

Lugares pequeños

Los lugares pequeños importan.
